{"id":512,"date":"2025-06-05T08:44:45","date_gmt":"2025-06-05T08:44:45","guid":{"rendered":"https:\/\/www.bcerezasophrohyp.fr\/?page_id=512"},"modified":"2025-06-05T10:11:51","modified_gmt":"2025-06-05T10:11:51","slug":"perinatalite","status":"publish","type":"page","link":"https:\/\/www.bcerezasophrohyp.fr\/?page_id=512","title":{"rendered":"P\u00e9rinatalit\u00e9"},"content":{"rendered":"\n<div class=\"wp-block-cover is-light\" style=\"min-height:353px;aspect-ratio:unset;\"><span aria-hidden=\"true\" class=\"wp-block-cover__background has-background-dim\" style=\"background-color:#c6b1a8\"><\/span><img loading=\"lazy\" decoding=\"async\" width=\"1200\" height=\"800\" class=\"wp-block-cover__image-background wp-image-594\" alt=\"\" src=\"https:\/\/www.bcerezasophrohyp.fr\/wp-content\/uploads\/2025\/06\/pexels-photo-1909014.jpeg\" data-object-fit=\"cover\" srcset=\"https:\/\/www.bcerezasophrohyp.fr\/wp-content\/uploads\/2025\/06\/pexels-photo-1909014.jpeg 1200w, https:\/\/www.bcerezasophrohyp.fr\/wp-content\/uploads\/2025\/06\/pexels-photo-1909014-300x200.jpeg 300w, https:\/\/www.bcerezasophrohyp.fr\/wp-content\/uploads\/2025\/06\/pexels-photo-1909014-1024x683.jpeg 1024w, https:\/\/www.bcerezasophrohyp.fr\/wp-content\/uploads\/2025\/06\/pexels-photo-1909014-768x512.jpeg 768w\" sizes=\"auto, (max-width: 1200px) 100vw, 1200px\" \/><div class=\"wp-block-cover__inner-container is-layout-constrained wp-block-cover-is-layout-constrained\">\n<p><\/p>\n\n\n\n<p class=\"has-text-align-center has-ast-global-color-8-color has-text-color has-link-color has-large-font-size wp-elements-3d1bc2c7792b762dd5fd1222ef6b8dd4\"><strong>Un accompagnement doux pour une naissance sereine<\/strong><\/p>\n<\/div><\/div>\n\n\n\n<p><\/p>\n\n\n\n<p>La p\u00e9riode p\u00e9rinatale, qui s&rsquo;\u00e9tend de la conception aux premiers mois apr\u00e8s la naissance, repr\u00e9sente un temps pr\u00e9cieux de transformation. La sophrologie offre un soutien adapt\u00e9 \u00e0 chaque \u00e9tape de ce voyage.<\/p>\n\n\n\n<blockquote class=\"wp-block-quote has-background is-layout-flow wp-block-quote-is-layout-flow\" style=\"background-color:#7a927c1f\">\n<p>\u00ab\u00a0Je faisais de la sophrologie pour tenter de calmer mes angoisses et surtout \u00e9viter de les transmettre \u00e0 Jules [son fils]. La sophrologie m\u2019a beaucoup fait dormir lors de ma grossesse. Cela m\u2019a aid\u00e9e au niveau de la respiration et du l\u00e2cher-prise. [\u2026] La sophrologie m\u2019a vraiment aid\u00e9e \u00e0 redescendre, \u00e0 me calmer et \u00e0 relativiser.\u00a0\u00bb<br>\u2014 Astrid Veillon<\/p>\n<\/blockquote>\n\n\n\n<div class=\"wp-block-uagb-separator uagb-block-06672ba2 wp-block-uagb-separator--icon\"><div class=\"wp-block-uagb-separator__inner\" style=\"--my-background-image:\"><div class=\"wp-block-uagb-separator-element\"><svg xmlns=\"https:\/\/www.w3.org\/2000\/svg\" viewBox=\"0 0 640 512\"><path d=\"M272 191.9c-17.62 0-32 14.35-32 31.97V303.9c0 8.875-7.125 16-16 16s-16-7.125-16-16V227.4c0-17.37 4.75-34.5 13.75-49.37L299.5 48.41c9-15.12 4.125-34.76-11-43.88C273.1-4.225 255.8 .1289 246.1 13.63C245.1 13.88 245.5 13.88 245.4 14.13L128.1 190C117.5 205.9 112 224.3 112 243.3v80.24l-90.13 29.1C8.75 357.9 0 370.1 0 383.9v95.99c0 10.88 8.5 31.1 32 31.1c2.75 0 5.375-.25 8-1l179.3-46.62C269.1 450 304 403.8 304 351.9V223.9C304 206.3 289.6 191.9 272 191.9zM618.1 353.6L528 323.6V243.4c0-19-5.5-37.37-16.12-53.25l-117.3-175.9c-.125-.25-.6251-.2487-.75-.4987c-9.625-13.5-27.88-17.85-42.38-9.229c-15.12 9.125-20 28.76-11 44.01l77.75 129.5C427.3 193 432 210 432 227.5v76.49c0 8.875-7.125 16-16 16s-16-7.125-16-16V223.1c0-17.62-14.38-31.97-32-31.97s-32 14.38-32 31.1v127.1c0 51.87 34.88 98.12 84.75 112.4L600 511C602.6 511.6 605.4 512 608 512c23.5 0 32-21.25 32-31.1v-95.99C640 370.3 631.3 358 618.1 353.6z\"><\/path><\/svg><\/div><\/div><\/div>\n\n\n\n<p><\/p>\n\n\n\n<p class=\"has-text-align-center\" style=\"font-size:19px\"><strong>Grossesse sereine&nbsp;<\/strong><\/p>\n\n\n\n<p><\/p>\n\n\n\n<p>La sophrologie accompagne la femme enceinte par des techniques douces de respiration et de relaxation dynamique. Ces pratiques favorisent la connexion avec le b\u00e9b\u00e9 in utero tout en pr\u00e9parant le corps aux changements physiologiques. Les visualisations positives aident \u00e0 cultiver la confiance et l&rsquo;apaisement face \u00e0 l&rsquo;accouchement \u00e0 venir.<\/p>\n\n\n\n<p>Durant la grossesse, la sophrologie propose des techniques sp\u00e9cifiques pour :<\/p>\n\n\n\n<div class=\"wp-block-media-text is-stacked-on-mobile\" style=\"grid-template-columns:48% auto\"><figure class=\"wp-block-media-text__media\"><img loading=\"lazy\" decoding=\"async\" width=\"1024\" height=\"683\" src=\"https:\/\/www.bcerezasophrohyp.fr\/wp-content\/uploads\/2025\/06\/pexels-photo-3094435-1024x683.webp\" alt=\"\" class=\"wp-image-517 size-full\" srcset=\"https:\/\/www.bcerezasophrohyp.fr\/wp-content\/uploads\/2025\/06\/pexels-photo-3094435-1024x683.webp 1024w, https:\/\/www.bcerezasophrohyp.fr\/wp-content\/uploads\/2025\/06\/pexels-photo-3094435-300x200.webp 300w, https:\/\/www.bcerezasophrohyp.fr\/wp-content\/uploads\/2025\/06\/pexels-photo-3094435-768x512.webp 768w, https:\/\/www.bcerezasophrohyp.fr\/wp-content\/uploads\/2025\/06\/pexels-photo-3094435.webp 1200w\" sizes=\"auto, (max-width: 1024px) 100vw, 1024px\" \/><\/figure><div class=\"wp-block-media-text__content\">\n<p>Faciliter l&rsquo;adaptation aux changements corporels et hormonaux<\/p>\n\n\n\n<p>Approfondir la connexion m\u00e8re-enfant par des visualisations douces<\/p>\n\n\n\n<p>Soulager les inconforts physiques (lombalgie, tensions cervicales, jambes lourdes)<\/p>\n\n\n\n<p>Pr\u00e9parer le corps et l&rsquo;esprit \u00e0 l&rsquo;accouchement par des exercices de respiration contr\u00f4l\u00e9e<\/p>\n<\/div><\/div>\n\n\n\n<p><\/p>\n\n\n\n<div class=\"wp-block-uagb-separator uagb-block-24e2e4e0 wp-block-uagb-separator--icon\"><div class=\"wp-block-uagb-separator__inner\" style=\"--my-background-image:\"><div class=\"wp-block-uagb-separator-element\"><svg xmlns=\"https:\/\/www.w3.org\/2000\/svg\" viewBox=\"0 0 320 512\"><path d=\"M224 64C224 99.35 195.3 128 160 128C124.7 128 96 99.35 96 64C96 28.65 124.7 0 160 0C195.3 0 224 28.65 224 64zM144 384V480C144 497.7 129.7 512 112 512C94.33 512 80.01 497.7 80.01 480V287.8L59.09 321C49.67 336 29.92 340.5 14.96 331.1C.0016 321.7-4.491 301.9 4.924 286.1L44.79 223.6C69.72 184 113.2 160 160 160C206.8 160 250.3 184 275.2 223.6L315.1 286.1C324.5 301.9 320 321.7 305.1 331.1C290.1 340.5 270.3 336 260.9 321L240 287.8V480C240 497.7 225.7 512 208 512C190.3 512 176 497.7 176 480V384L144 384z\"><\/path><\/svg><\/div><\/div><\/div>\n\n\n\n<p><\/p>\n\n\n\n<p class=\"has-text-align-center\" style=\"font-size:20px\"><strong>Pendant l&rsquo;accouchement<\/strong><\/p>\n\n\n\n<p><\/p>\n\n\n\n<p>Les outils sophrologiques s&rsquo;av\u00e8rent pr\u00e9cieux lors du travail et de la naissance. La respiration synchronique, les techniques d&rsquo;ancrage et la capacit\u00e9 \u00e0 habiter pleinement son corps permettent de traverser les contractions avec plus de s\u00e9r\u00e9nit\u00e9. La femme peut ainsi rester pr\u00e9sente et active dans ce moment intense de rencontre avec son enfant.<\/p>\n\n\n\n<p>La sophrologie constitue un accompagnement efficace \u00e0 l&rsquo;accouchement gr\u00e2ce \u00e0 :<\/p>\n\n\n\n<div class=\"wp-block-media-text has-media-on-the-right is-stacked-on-mobile\" style=\"grid-template-columns:auto 49%\"><div class=\"wp-block-media-text__content\">\n<p>L&rsquo;apprentissage de la respiration synchronique pour g\u00e9rer les contractions<\/p>\n\n\n\n<p>Des techniques d&rsquo;ancrage pour rester pr\u00e9sente pendant le travail<\/p>\n\n\n\n<p>Des visualisations positives de l&rsquo;ouverture et de la descente du b\u00e9b\u00e9<\/p>\n\n\n\n<p>Le renforcement de la confiance en ses capacit\u00e9s physiologiques<\/p>\n<\/div><figure class=\"wp-block-media-text__media\"><img loading=\"lazy\" decoding=\"async\" width=\"1024\" height=\"683\" src=\"https:\/\/www.bcerezasophrohyp.fr\/wp-content\/uploads\/2025\/06\/pexels-photo-4005611-1024x683.webp\" alt=\"\" class=\"wp-image-518 size-full\" srcset=\"https:\/\/www.bcerezasophrohyp.fr\/wp-content\/uploads\/2025\/06\/pexels-photo-4005611-1024x683.webp 1024w, https:\/\/www.bcerezasophrohyp.fr\/wp-content\/uploads\/2025\/06\/pexels-photo-4005611-300x200.webp 300w, https:\/\/www.bcerezasophrohyp.fr\/wp-content\/uploads\/2025\/06\/pexels-photo-4005611-768x512.webp 768w, https:\/\/www.bcerezasophrohyp.fr\/wp-content\/uploads\/2025\/06\/pexels-photo-4005611.webp 1200w\" sizes=\"auto, (max-width: 1024px) 100vw, 1024px\" \/><\/figure><\/div>\n\n\n\n<p><\/p>\n\n\n\n<div class=\"wp-block-uagb-separator uagb-block-b9c97dee wp-block-uagb-separator--icon\"><div class=\"wp-block-uagb-separator__inner\" style=\"--my-background-image:\"><div class=\"wp-block-uagb-separator-element\"><svg xmlns=\"https:\/\/www.w3.org\/2000\/svg\" viewBox=\"0 0 512 512\"><path d=\"M52.51 440.6l171.5-142.9V214.3L52.51 71.41C31.88 54.28 0 68.66 0 96.03v319.9C0 443.3 31.88 457.7 52.51 440.6zM308.5 440.6l192-159.1c15.25-12.87 15.25-36.37 0-49.24l-192-159.1c-20.63-17.12-52.51-2.749-52.51 24.62v319.9C256 443.3 287.9 457.7 308.5 440.6z\"><\/path><\/svg><\/div><\/div><\/div>\n\n\n\n<p><\/p>\n\n\n\n<p class=\"has-text-align-center\" style=\"font-size:19px\"><strong>Adaptation post-natale<\/strong><\/p>\n\n\n\n<p><\/p>\n\n\n\n<p>Dans le post-partum, la sophrologie aide \u00e0 accueillir les \u00e9motions fluctuantes, \u00e0 r\u00e9cup\u00e9rer physiquement et \u00e0 s&rsquo;adapter en douceur \u00e0 la nouvelle r\u00e9alit\u00e9 familiale. Elle favorise l&rsquo;\u00e9tablissement du lien d&rsquo;attachement et offre des moments de ressourcement pr\u00e9cieux pendant cette p\u00e9riode d&rsquo;ajustement.<\/p>\n\n\n\n<p>Dans la p\u00e9riode du post-partum, les s\u00e9ances sophrologiques favorisent :<\/p>\n\n\n\n<div class=\"wp-block-media-text is-stacked-on-mobile\" style=\"grid-template-columns:49% auto\"><figure class=\"wp-block-media-text__media\"><img loading=\"lazy\" decoding=\"async\" width=\"1024\" height=\"717\" src=\"https:\/\/www.bcerezasophrohyp.fr\/wp-content\/uploads\/2025\/06\/free-photo-of-promenade-en-famille-dans-le-cadre-du-parc-de-sao-paulo-1024x717.jpeg\" alt=\"\" class=\"wp-image-519 size-full\" srcset=\"https:\/\/www.bcerezasophrohyp.fr\/wp-content\/uploads\/2025\/06\/free-photo-of-promenade-en-famille-dans-le-cadre-du-parc-de-sao-paulo-1024x717.jpeg 1024w, https:\/\/www.bcerezasophrohyp.fr\/wp-content\/uploads\/2025\/06\/free-photo-of-promenade-en-famille-dans-le-cadre-du-parc-de-sao-paulo-300x210.jpeg 300w, https:\/\/www.bcerezasophrohyp.fr\/wp-content\/uploads\/2025\/06\/free-photo-of-promenade-en-famille-dans-le-cadre-du-parc-de-sao-paulo-768x538.jpeg 768w, https:\/\/www.bcerezasophrohyp.fr\/wp-content\/uploads\/2025\/06\/free-photo-of-promenade-en-famille-dans-le-cadre-du-parc-de-sao-paulo.jpeg 1200w\" sizes=\"auto, (max-width: 1024px) 100vw, 1024px\" \/><\/figure><div class=\"wp-block-media-text__content\">\n<p>La r\u00e9cup\u00e9ration physique apr\u00e8s l&rsquo;accouchement<\/p>\n\n\n\n<p>L&rsquo;\u00e9quilibre \u00e9motionnel face aux bouleversements hormonaux<\/p>\n\n\n\n<p>L&rsquo;adaptation au nouveau rythme familial<\/p>\n\n\n\n<p>Le d\u00e9veloppement du lien d&rsquo;attachement avec le nourrisson&nbsp;<\/p>\n<\/div><\/div>\n\n\n\n<p><\/p>\n\n\n\n<p><\/p>\n\n\n\n<hr class=\"wp-block-separator has-alpha-channel-opacity\"\/>\n\n\n\n<figure class=\"wp-block-embed is-type-video is-provider-youtube wp-block-embed-youtube wp-embed-aspect-16-9 wp-has-aspect-ratio\"><div class=\"wp-block-embed__wrapper\">\n<div class=\"ast-oembed-container \" style=\"height: 100%;\"><iframe loading=\"lazy\" title=\"???? Sophrologie : une pr\u00e9paration \u00e0 l&#039;accouchement positive\" width=\"500\" height=\"281\" src=\"https:\/\/www.youtube.com\/embed\/TU2dfojFpIw?feature=oembed\" frameborder=\"0\" allow=\"accelerometer; autoplay; clipboard-write; encrypted-media; gyroscope; picture-in-picture; web-share\" referrerpolicy=\"strict-origin-when-cross-origin\" allowfullscreen><\/iframe><\/div>\n<\/div><\/figure>\n\n\n\n<p><\/p>\n\n\n\n<p>La sophrologie p\u00e9rinatale cr\u00e9e un espace prot\u00e9g\u00e9 o\u00f9 chaque future et nouvelle maman peut se connecter \u00e0 ses ressources int\u00e9rieures, honorer ses sensations et vivre pleinement cette transformation dans un climat de confiance tout au long de cette aventure unique qu&rsquo;est la maternit\u00e9.<\/p>\n\n\n\n<p><\/p>\n\n\n\n<div class=\"wp-block-uagb-buttons uagb-buttons__outer-wrap uagb-btn__default-btn uagb-btn-tablet__default-btn uagb-btn-mobile__default-btn uagb-block-7989d28c\"><div class=\"uagb-buttons__wrap uagb-buttons-layout-wrap \">\n<div class=\"wp-block-uagb-buttons-child uagb-buttons__outer-wrap uagb-block-556ade23 wp-block-button\"><div class=\"uagb-button__wrapper\"><a class=\"uagb-buttons-repeater wp-block-button__link\" aria-label=\"\" href=\"https:\/\/www.bcerezasophrohyp.fr\/?page_id=30\" rel=\"follow noopener\" target=\"_self\" role=\"button\"><div class=\"uagb-button__link\">Prendre RDV<\/div><\/a><\/div><\/div>\n<\/div><\/div>\n\n\n\n<p><\/p>\n","protected":false},"excerpt":{"rendered":"<p>La p\u00e9riode p\u00e9rinatale, qui s&rsquo;\u00e9tend de la conception aux premiers mois apr\u00e8s la naissance, repr\u00e9sente un temps pr\u00e9cieux de transformation. La sophrologie offre un soutien adapt\u00e9 \u00e0 chaque \u00e9tape de ce voyage. \u00ab\u00a0Je faisais de la sophrologie pour tenter de calmer mes angoisses et surtout \u00e9viter de les transmettre \u00e0 Jules [son fils]. La sophrologie [&hellip;]<\/p>\n","protected":false},"author":4,"featured_media":0,"parent":0,"menu_order":0,"comment_status":"closed","ping_status":"closed","template":"","meta":{"_uag_custom_page_level_css":"","site-sidebar-layout":"default","site-content-layout":"","ast-site-content-layout":"","site-content-style":"default","site-sidebar-style":"default","ast-global-header-display":"","ast-banner-title-visibility":"","ast-main-header-display":"","ast-hfb-above-header-display":"","ast-hfb-below-header-display":"","ast-hfb-mobile-header-display":"","site-post-title":"","ast-breadcrumbs-content":"","ast-featured-img":"","footer-sml-layout":"","theme-transparent-header-meta":"","adv-header-id-meta":"","stick-header-meta":"","header-above-stick-meta":"","header-main-stick-meta":"","header-below-stick-meta":"","astra-migrate-meta-layouts":"default","ast-page-background-enabled":"default","ast-page-background-meta":{"desktop":{"background-color":"var(--ast-global-color-4)","background-image":"","background-repeat":"repeat","background-position":"center center","background-size":"auto","background-attachment":"scroll","background-type":"","background-media":"","overlay-type":"","overlay-color":"","overlay-opacity":"","overlay-gradient":""},"tablet":{"background-color":"","background-image":"","background-repeat":"repeat","background-position":"center center","background-size":"auto","background-attachment":"scroll","background-type":"","background-media":"","overlay-type":"","overlay-color":"","overlay-opacity":"","overlay-gradient":""},"mobile":{"background-color":"","background-image":"","background-repeat":"repeat","background-position":"center center","background-size":"auto","background-attachment":"scroll","background-type":"","background-media":"","overlay-type":"","overlay-color":"","overlay-opacity":"","overlay-gradient":""}},"ast-content-background-meta":{"desktop":{"background-color":"var(--ast-global-color-5)","background-image":"","background-repeat":"repeat","background-position":"center center","background-size":"auto","background-attachment":"scroll","background-type":"","background-media":"","overlay-type":"","overlay-color":"","overlay-opacity":"","overlay-gradient":""},"tablet":{"background-color":"var(--ast-global-color-5)","background-image":"","background-repeat":"repeat","background-position":"center center","background-size":"auto","background-attachment":"scroll","background-type":"","background-media":"","overlay-type":"","overlay-color":"","overlay-opacity":"","overlay-gradient":""},"mobile":{"background-color":"var(--ast-global-color-5)","background-image":"","background-repeat":"repeat","background-position":"center center","background-size":"auto","background-attachment":"scroll","background-type":"","background-media":"","overlay-type":"","overlay-color":"","overlay-opacity":"","overlay-gradient":""}},"footnotes":""},"class_list":["post-512","page","type-page","status-publish","hentry"],"uagb_featured_image_src":{"full":false,"thumbnail":false,"medium":false,"medium_large":false,"large":false,"1536x1536":false,"2048x2048":false},"uagb_author_info":{"display_name":"chloe jerome","author_link":"https:\/\/www.bcerezasophrohyp.fr\/?author=4"},"uagb_comment_info":0,"uagb_excerpt":"La p\u00e9riode p\u00e9rinatale, qui s&rsquo;\u00e9tend de la conception aux premiers mois apr\u00e8s la naissance, repr\u00e9sente un temps pr\u00e9cieux de transformation. La sophrologie offre un soutien adapt\u00e9 \u00e0 chaque \u00e9tape de ce voyage. \u00ab\u00a0Je faisais de la sophrologie pour tenter de calmer mes angoisses et surtout \u00e9viter de les transmettre \u00e0 Jules [son fils]. La sophrologie\u2026","_links":{"self":[{"href":"https:\/\/www.bcerezasophrohyp.fr\/index.php?rest_route=\/wp\/v2\/pages\/512","targetHints":{"allow":["GET"]}}],"collection":[{"href":"https:\/\/www.bcerezasophrohyp.fr\/index.php?rest_route=\/wp\/v2\/pages"}],"about":[{"href":"https:\/\/www.bcerezasophrohyp.fr\/index.php?rest_route=\/wp\/v2\/types\/page"}],"author":[{"embeddable":true,"href":"https:\/\/www.bcerezasophrohyp.fr\/index.php?rest_route=\/wp\/v2\/users\/4"}],"replies":[{"embeddable":true,"href":"https:\/\/www.bcerezasophrohyp.fr\/index.php?rest_route=%2Fwp%2Fv2%2Fcomments&post=512"}],"version-history":[{"count":22,"href":"https:\/\/www.bcerezasophrohyp.fr\/index.php?rest_route=\/wp\/v2\/pages\/512\/revisions"}],"predecessor-version":[{"id":595,"href":"https:\/\/www.bcerezasophrohyp.fr\/index.php?rest_route=\/wp\/v2\/pages\/512\/revisions\/595"}],"wp:attachment":[{"href":"https:\/\/www.bcerezasophrohyp.fr\/index.php?rest_route=%2Fwp%2Fv2%2Fmedia&parent=512"}],"curies":[{"name":"wp","href":"https:\/\/api.w.org\/{rel}","templated":true}]}}